{"id":7244,"date":"2024-05-18T10:01:43","date_gmt":"2024-05-18T08:01:43","guid":{"rendered":"https:\/\/bee.port-x.de\/?page_id=7244"},"modified":"2024-05-18T10:12:41","modified_gmt":"2024-05-18T08:12:41","slug":"honig","status":"publish","type":"page","link":"https:\/\/bee.port-x.de\/?page_id=7244","title":{"rendered":"Unser Honig"},"content":{"rendered":"\n<p><strong>Unsere V\u00f6lker werden in der Regel drei mal beerntet. <\/strong><\/p>\n\n\n\n<p>Fr\u00fchjahrshonig, Sommerhonig und Sp\u00e4tsommerhonig. Wir verzichten auf Sortenbezeichnungen, wir k\u00f6nnen nicht beeinflussen wie sich die Bienen Entscheiden. Wir haben auch keine Schilder aufgestellt, Bitte hier Sammeln.<\/p>\n\n\n\n<p>Honig kann bei uns in der Regel t\u00e4glich bezogen werden, sofern jemand daheim ist. Auch Wachs oder Pollen. Wobei bei Pollen eine Absprache im Vorfeld erfolgen sollte.  <\/p>\n\n\n\n<p><\/p>\n","protected":false},"excerpt":{"rendered":"<p>Unsere V\u00f6lker werden in der Regel drei mal beerntet. Fr\u00fchjahrshonig, Sommerhonig und Sp\u00e4tsommerhonig. Wir verzichten auf Sortenbezeichnungen, wir k\u00f6nnen nicht beeinflussen wie sich die Bienen Entscheiden. Wir haben auch keine Schilder aufgestellt, Bitte hier Sammeln. Honig kann bei uns in der Regel t\u00e4glich bezogen werden, sofern jemand daheim ist. Auch Wachs oder Pollen. Wobei bei <a class=\"read-more\" href=\"https:\/\/bee.port-x.de\/?page_id=7244\">... weiterlesen <span class=\"meta-nav\">&rarr;<\/span><\/a><\/p>\n","protected":false},"author":1,"featured_media":0,"parent":0,"menu_order":0,"comment_status":"closed","ping_status":"closed","template":"","meta":{"footnotes":""},"yoast_head":"<!-- This site is optimized with the Yoast SEO plugin v24.5 - https:\/\/yoast.com\/wordpress\/plugins\/seo\/ -->\n<title>Unser Honig - Hobby Imkerei - Zeidlerei Fam. Mario Roeber<\/title>\n<meta name=\"robots\" content=\"index, follow, max-snippet:-1, max-image-preview:large, max-video-preview:-1\" \/>\n<link rel=\"canonical\" href=\"https:\/\/bee.port-x.de\/?page_id=7244\" \/>\n<meta property=\"og:locale\" content=\"de_DE\" \/>\n<meta property=\"og:type\" content=\"article\" \/>\n<meta property=\"og:title\" content=\"Unser Honig - Hobby Imkerei - Zeidlerei Fam. Mario Roeber\" \/>\n<meta property=\"og:description\" content=\"Unsere V\u00f6lker werden in der Regel drei mal beerntet. Fr\u00fchjahrshonig, Sommerhonig und Sp\u00e4tsommerhonig. Wir verzichten auf Sortenbezeichnungen, wir k\u00f6nnen nicht beeinflussen wie sich die Bienen Entscheiden. Wir haben auch keine Schilder aufgestellt, Bitte hier Sammeln. Honig kann bei uns in der Regel t\u00e4glich bezogen werden, sofern jemand daheim ist. Auch Wachs oder Pollen. Wobei bei ... weiterlesen &rarr;\" \/>\n<meta property=\"og:url\" content=\"https:\/\/bee.port-x.de\/?page_id=7244\" \/>\n<meta property=\"og:site_name\" content=\"Hobby Imkerei - Zeidlerei Fam. Mario Roeber\" \/>\n<meta property=\"article:publisher\" content=\"https:\/\/www.facebook.com\/cheyenne.roeber\" \/>\n<meta property=\"article:modified_time\" content=\"2024-05-18T08:12:41+00:00\" \/>\n<meta name=\"twitter:card\" content=\"summary_large_image\" \/>\n<meta name=\"twitter:label1\" content=\"Gesch\u00e4tzte Lesezeit\" \/>\n\t<meta name=\"twitter:data1\" content=\"1\u00a0Minute\" \/>\n<script type=\"application\/ld+json\" class=\"yoast-schema-graph\">{\"@context\":\"https:\/\/schema.org\",\"@graph\":[{\"@type\":\"WebPage\",\"@id\":\"https:\/\/bee.port-x.de\/?page_id=7244\",\"url\":\"https:\/\/bee.port-x.de\/?page_id=7244\",\"name\":\"Unser Honig - Hobby Imkerei - Zeidlerei Fam. Mario Roeber\",\"isPartOf\":{\"@id\":\"http:\/\/212.21.68.35\/#website\"},\"datePublished\":\"2024-05-18T08:01:43+00:00\",\"dateModified\":\"2024-05-18T08:12:41+00:00\",\"inLanguage\":\"de\",\"potentialAction\":[{\"@type\":\"ReadAction\",\"target\":[\"https:\/\/bee.port-x.de\/?page_id=7244\"]}]},{\"@type\":\"WebSite\",\"@id\":\"http:\/\/212.21.68.35\/#website\",\"url\":\"http:\/\/212.21.68.35\/\",\"name\":\"Imkerei - Zeidlerei Fam. Mario Roeber\",\"description\":\"Wir produzieren Honig durch Bienenhaltung und Vermehrung mitten in der Magdeburger B\u00f6rde\",\"publisher\":{\"@id\":\"http:\/\/212.21.68.35\/#organization\"},\"potentialAction\":[{\"@type\":\"SearchAction\",\"target\":{\"@type\":\"EntryPoint\",\"urlTemplate\":\"http:\/\/212.21.68.35\/?s={search_term_string}\"},\"query-input\":{\"@type\":\"PropertyValueSpecification\",\"valueRequired\":true,\"valueName\":\"search_term_string\"}}],\"inLanguage\":\"de\"},{\"@type\":\"Organization\",\"@id\":\"http:\/\/212.21.68.35\/#organization\",\"name\":\"Imkerei \u2013 Zeidlerei Fam. Mario Roeber\",\"url\":\"http:\/\/212.21.68.35\/\",\"logo\":{\"@type\":\"ImageObject\",\"inLanguage\":\"de\",\"@id\":\"http:\/\/212.21.68.35\/#\/schema\/logo\/image\/\",\"url\":\"http:\/\/bee.port-x.de\/wp-content\/uploads\/2015\/03\/logo1.jpg\",\"contentUrl\":\"http:\/\/bee.port-x.de\/wp-content\/uploads\/2015\/03\/logo1.jpg\",\"width\":260,\"height\":96,\"caption\":\"Imkerei \u2013 Zeidlerei Fam. Mario Roeber\"},\"image\":{\"@id\":\"http:\/\/212.21.68.35\/#\/schema\/logo\/image\/\"},\"sameAs\":[\"https:\/\/www.facebook.com\/cheyenne.roeber\"]}]}<\/script>\n<!-- \/ Yoast SEO plugin. -->","yoast_head_json":{"title":"Unser Honig - Hobby Imkerei - Zeidlerei Fam. Mario Roeber","robots":{"index":"index","follow":"follow","max-snippet":"max-snippet:-1","max-image-preview":"max-image-preview:large","max-video-preview":"max-video-preview:-1"},"canonical":"https:\/\/bee.port-x.de\/?page_id=7244","og_locale":"de_DE","og_type":"article","og_title":"Unser Honig - Hobby Imkerei - Zeidlerei Fam. Mario Roeber","og_description":"Unsere V\u00f6lker werden in der Regel drei mal beerntet. Fr\u00fchjahrshonig, Sommerhonig und Sp\u00e4tsommerhonig. Wir verzichten auf Sortenbezeichnungen, wir k\u00f6nnen nicht beeinflussen wie sich die Bienen Entscheiden. Wir haben auch keine Schilder aufgestellt, Bitte hier Sammeln. Honig kann bei uns in der Regel t\u00e4glich bezogen werden, sofern jemand daheim ist. Auch Wachs oder Pollen. Wobei bei ... weiterlesen &rarr;","og_url":"https:\/\/bee.port-x.de\/?page_id=7244","og_site_name":"Hobby Imkerei - Zeidlerei Fam. Mario Roeber","article_publisher":"https:\/\/www.facebook.com\/cheyenne.roeber","article_modified_time":"2024-05-18T08:12:41+00:00","twitter_card":"summary_large_image","twitter_misc":{"Gesch\u00e4tzte Lesezeit":"1\u00a0Minute"},"schema":{"@context":"https:\/\/schema.org","@graph":[{"@type":"WebPage","@id":"https:\/\/bee.port-x.de\/?page_id=7244","url":"https:\/\/bee.port-x.de\/?page_id=7244","name":"Unser Honig - Hobby Imkerei - Zeidlerei Fam. Mario Roeber","isPartOf":{"@id":"http:\/\/212.21.68.35\/#website"},"datePublished":"2024-05-18T08:01:43+00:00","dateModified":"2024-05-18T08:12:41+00:00","inLanguage":"de","potentialAction":[{"@type":"ReadAction","target":["https:\/\/bee.port-x.de\/?page_id=7244"]}]},{"@type":"WebSite","@id":"http:\/\/212.21.68.35\/#website","url":"http:\/\/212.21.68.35\/","name":"Imkerei - Zeidlerei Fam. Mario Roeber","description":"Wir produzieren Honig durch Bienenhaltung und Vermehrung mitten in der Magdeburger B\u00f6rde","publisher":{"@id":"http:\/\/212.21.68.35\/#organization"},"potentialAction":[{"@type":"SearchAction","target":{"@type":"EntryPoint","urlTemplate":"http:\/\/212.21.68.35\/?s={search_term_string}"},"query-input":{"@type":"PropertyValueSpecification","valueRequired":true,"valueName":"search_term_string"}}],"inLanguage":"de"},{"@type":"Organization","@id":"http:\/\/212.21.68.35\/#organization","name":"Imkerei \u2013 Zeidlerei Fam. Mario Roeber","url":"http:\/\/212.21.68.35\/","logo":{"@type":"ImageObject","inLanguage":"de","@id":"http:\/\/212.21.68.35\/#\/schema\/logo\/image\/","url":"http:\/\/bee.port-x.de\/wp-content\/uploads\/2015\/03\/logo1.jpg","contentUrl":"http:\/\/bee.port-x.de\/wp-content\/uploads\/2015\/03\/logo1.jpg","width":260,"height":96,"caption":"Imkerei \u2013 Zeidlerei Fam. Mario Roeber"},"image":{"@id":"http:\/\/212.21.68.35\/#\/schema\/logo\/image\/"},"sameAs":["https:\/\/www.facebook.com\/cheyenne.roeber"]}]}},"jetpack_sharing_enabled":true,"_links":{"self":[{"href":"https:\/\/bee.port-x.de\/index.php?rest_route=\/wp\/v2\/pages\/7244"}],"collection":[{"href":"https:\/\/bee.port-x.de\/index.php?rest_route=\/wp\/v2\/pages"}],"about":[{"href":"https:\/\/bee.port-x.de\/index.php?rest_route=\/wp\/v2\/types\/page"}],"author":[{"embeddable":true,"href":"https:\/\/bee.port-x.de\/index.php?rest_route=\/wp\/v2\/users\/1"}],"replies":[{"embeddable":true,"href":"https:\/\/bee.port-x.de\/index.php?rest_route=%2Fwp%2Fv2%2Fcomments&post=7244"}],"version-history":[{"count":0,"href":"https:\/\/bee.port-x.de\/index.php?rest_route=\/wp\/v2\/pages\/7244\/revisions"}],"wp:attachment":[{"href":"https:\/\/bee.port-x.de\/index.php?rest_route=%2Fwp%2Fv2%2Fmedia&parent=7244"}],"curies":[{"name":"wp","href":"https:\/\/api.w.org\/{rel}","templated":true}]}}